{"id":2116,"date":"2023-07-05T13:07:24","date_gmt":"2023-07-05T11:07:24","guid":{"rendered":"http:\/\/booking.teatrostabiletorino.it\/?page_id=2116"},"modified":"2025-11-17T15:25:19","modified_gmt":"2025-11-17T14:25:19","slug":"home-booking","status":"publish","type":"page","link":"http:\/\/booking.teatrostabiletorino.it\/","title":{"rendered":"TST booking"},"content":{"rendered":"<section class=\"wpb-content-wrapper\"><p>[vc_row full_height=&#8221;yes&#8221; columns_placement=&#8221;top&#8221; equal_height=&#8221;yes&#8221; css=&#8221;.vc_custom_1688556947105{margin-top: 0px !important;border-top-width: 0px !important;padding-top: 0px !important;}&#8221;][vc_column width=&#8221;1\/4&#8243;][vc_column_text]<\/p>\n<p style=\"text-align: right;\"><strong><em>Servizi online di prenotazione per eventi gratuiti, trasporti e provini organizzati dal <\/em><em>Teatro Stabile di Torino<\/em><\/strong><\/p>\n<p style=\"text-align: left;\"><strong><em>\u00a0<\/em><\/strong><\/p>\n<p>[\/vc_column_text][\/vc_column][vc_column width=&#8221;1\/2&#8243;][vc_single_image image=&#8221;2961&#8243; img_size=&#8221;medium&#8221;][vc_column_text]<strong>Pinocchio. Dalla favola al destino (parte II) <\/strong><br \/>\n<strong>recite per le scuole<\/strong><br \/>\nSi rinnova l\u2019appuntamento dedicato a bambini, famiglie e scuole. Pinocchio \u00e8 stato protagonista della stagione 2024\/25, e torna ora nella stagione 2025\/26 con <strong>Pinocchio \u2013 Dalla favola al destino:<\/strong>\u00a0uno spettacolo coinvolgente, ironico e avventuroso, che continua ad affascinare spettatori di tutte le et\u00e0. Il racconto nasce nel 1881 dalla penna di Carlo Collodi, per diventare libro nel 1883. non \u00e8 solo una fiaba: \u00e8 il viaggio inquieto di un\u2019anima di legno verso l\u2019umanit\u00e0.<\/p>\n<hr \/>\n<p>Prenotazioni a partire da lunedi 17 novembre ore 15.30<br \/>\n<strong>Pinocchio. Dalla favola al destino<\/strong><br \/>\nfebbraio &#8211; maggio 2026[\/vc_column_text][vc_btn title=&#8221;prenota la tua classe&#8221; link=&#8221;url:http%3A%2F%2Fbooking.teatrostabiletorino.it%2Findex.php%2F2023%2F10%2F07%2Fpinocchio-parte-ii%2F|title:Pinocchio.%20Dalla%20favola%20al%20destino%20%E2%80%93%20recite%20per%20le%20scuole&#8221;][\/vc_column][vc_column width=&#8221;1\/4&#8243;][\/vc_column][\/vc_row]<\/p>\n<\/section>","protected":false},"excerpt":{"rendered":"<p>[vc_row full_height=&#8221;yes&#8221; columns_placement=&#8221;top&#8221; equal_height=&#8221;yes&#8221; css=&#8221;.vc_custom_1688556947105{margin-top: 0px !important;border-top-width: 0px !important;padding-top: 0px !important;}&#8221;][vc_column width=&#8221;1\/4&#8243;][vc_column_text] Servizi online di prenotazione per eventi gratuiti, trasporti e provini organizzati dal Teatro Stabile di Torino \u00a0 [\/vc_column_text][\/vc_column][vc_column width=&#8221;1\/2&#8243;][vc_single_image image=&#8221;2961&#8243; img_size=&#8221;medium&#8221;][vc_column_text]Pinocchio. Dalla favola al destino (parte II) recite per le scuole Si rinnova l\u2019appuntamento dedicato a bambini, famiglie e scuole. Pinocchio \u00e8 stato protagonista della stagione 2024\/25, e torna ora nella stagione 2025\/26 con Pinocchio \u2013 Dalla favola al destino:\u00a0uno spettacolo coinvolgente, ironico e avventuroso, che continua ad affascinare spettatori di tutte le et\u00e0. Il racconto nasce nel 1881 dalla penna di Carlo Collodi, per diventare libro nel 1883. non \u00e8 solo una fiaba: \u00e8 il viaggio inquieto di un\u2019anima di legno verso l\u2019umanit\u00e0. Prenotazioni a partire da lunedi 17 novembre ore 15.30 Pinocchio. Dalla favola al destino febbraio &#8211; maggio 2026[\/vc_column_text][vc_btn title=&#8221;prenota la tua classe&#8221; link=&#8221;url:http%3A%2F%2Fbooking.teatrostabiletorino.it%2Findex.php%2F2023%2F10%2F07%2Fpinocchio-parte-ii%2F|title:Pinocchio.%20Dalla%20favola%20al%20destino%20%E2%80%93%20recite%20per%20le%20scuole&#8221;][\/vc_column][vc_column width=&#8221;1\/4&#8243;][\/vc_column][\/vc_row]<\/p>\n","protected":false},"author":1,"featured_media":0,"parent":0,"menu_order":0,"comment_status":"closed","ping_status":"closed","template":"","meta":[],"_links":{"self":[{"href":"http:\/\/booking.teatrostabiletorino.it\/index.php\/wp-json\/wp\/v2\/pages\/2116"}],"collection":[{"href":"http:\/\/booking.teatrostabiletorino.it\/index.php\/wp-json\/wp\/v2\/pages"}],"about":[{"href":"http:\/\/booking.teatrostabiletorino.it\/index.php\/wp-json\/wp\/v2\/types\/page"}],"author":[{"embeddable":true,"href":"http:\/\/booking.teatrostabiletorino.it\/index.php\/wp-json\/wp\/v2\/users\/1"}],"replies":[{"embeddable":true,"href":"http:\/\/booking.teatrostabiletorino.it\/index.php\/wp-json\/wp\/v2\/comments?post=2116"}],"version-history":[{"count":78,"href":"http:\/\/booking.teatrostabiletorino.it\/index.php\/wp-json\/wp\/v2\/pages\/2116\/revisions"}],"predecessor-version":[{"id":3269,"href":"http:\/\/booking.teatrostabiletorino.it\/index.php\/wp-json\/wp\/v2\/pages\/2116\/revisions\/3269"}],"wp:attachment":[{"href":"http:\/\/booking.teatrostabiletorino.it\/index.php\/wp-json\/wp\/v2\/media?parent=2116"}],"curies":[{"name":"wp","href":"https:\/\/api.w.org\/{rel}","templated":true}]}}